) be the third derivative of -l**4/24 + 5*l**3/3 + l**2. Let o be n(6). Is 958/((o + -2)*1) a composite number?
False
Suppose -2*k + 2*t + 6 = 0, 2*t = -k - t + 3. Is (-2)/k - (-50899)/69 composite?
True
Suppose -8*h = -2*h + 12. Is 202 - (h + 2 - 1) composite?
True
Suppose 10*u = -7*u + 72607. Is u prime?
True
Suppose f = 3, -5*d + 3 = -5*f + 8. Let g(l) = 4 + 169*l**2 - 30*l**2 - 3. Is g(d) prime?
True
Suppose -71530 - 35940 = -22*p. Is p a prime number?
False
Let m = 7060 + -12986. Is 7/(-14) - m/4 prime?
True
Let r(m) = -m**3 - 14*m**2 - 8*m + 2. Let g be r(-17). Let w = g - 451. Is w a prime number?
False
Let o = -240 + 405. Is 6/(-21) - o/21*-327 prime?
False
Let g be ((-135)/(-60))/(1/4). Let d(z) = -z**3 + 11*z**2 + 4*z + 1. Is d(g) prime?
True
Suppose -729 = -5*v - 124. Suppose -5*r + 2*j = -v, -j - 119 = -5*r + 2*j. Suppose -3*h - 5*x = -72 - 8, -2*x + r = h. Is h composite?
True
Let o(g) be the second derivative of 229*g**5/10 - g**4/6 + g**3/3 - g**2/2 - g. Suppose 2*y - 2 = k, -3*k - 5 = -5*y - k. Is o(y) prime?
True
Let j(k) = 549*k**2 - 7. Is j(4) a composite number?
True
Suppose -5*i + 4*v + 47 = 0, -i - 5 = -2*i + 3*v. Suppose 0 = i*b - 4816 - 5205. Is b a composite number?
False
Suppose -8468 = -2*h - 882. Is h prime?
True
Let n(s) = -s**2 + 11*s - 3. Let g be n(9). Let d = g - 91. Let c = 133 + d. Is c prime?
False
Let c(h) = -h - 1. Let j be c(-8). Suppose -3*z + 2*v = v - j, -4*z = -v - 11. Is z/22 + (-6615)/(-99) prime?
True
Let p be ((-81)/(-42) + 12/(-28))*-4. Is 382/(-3)*p/4 a prime number?
True
Let u(v) = -4*v**3 - 20*v**2 + v + 3. Let y(z) = 7*z**3 + 40*z**2 - 3*z - 6. Let s(r) = -11*u(r) - 6*y(r). Is s(14) prime?
True
Let a be 1 + 0 + 0 + 2073*-4. Let x = -5712 - a. Is x prime?
True
Let k = 1547 - 396. Is k a composite number?
False
Suppose 6*i + 24*i = 118890. Is i composite?
True
Let c = -15 + 19. Suppose 5*r - 2*r - 1506 = -3*u, -u - 2003 = -c*r. Suppose r = 3*l - 0*l. Is l a prime number?
True
Suppose 0 = 5*s + 10, -t = t - 4*s - 20. Suppose -2*d + t = -10. Let x(c) = c**3 - 5*c**2 - 7*c - 5. Is x(d) a prime number?
True
Let v(t) = -t**3 + 33*t**2 + 38*t + 25. Is v(24) composite?
False
Let f(y) = 5209*y**3 + 3*y**2 - 6*y + 3. Is f(1) a prime number?
True
Let c = 2687 + -1572. Suppose -5*o + c = -0*o. Is o composite?
False
Let y = 22737 - -6192. Is y a composite number?
True
Suppose 4*c = 5*j - 27 + 6, 0 = 4*c + 16. Let h(n) = -59*n**2 - 3*n - 6. Let w(a) = 60*a**2 + 4*a + 7. Let u(m) = -6*h(m) - 5*w(m). Is u(j) composite?
False
Let l be 15/(-2)*(11 + -9). Let i be 88/20 - 9/l. Suppose i*k - 53 = 62. Is k prime?
True
Let b(s) = -s**3 - 3*s**2 - 2*s - 3. Let u be b(-3). Suppose 2*w = d + 2550, 3*w + u*d = 5940 - 2097. Is w a prime number?
True
Let q(x) be the third derivative of -x**4/2 + 5*x**3/3 - x**2. Let r be -9 - (1 + (-1 - (2 + 0))). Is q(r) a prime number?
False
Let z(k) = k**2 - k + 15133. Is z(0) prime?
False
Let a be (3/(-12)*0)/1. Suppose -4*m + 3487 + 205 = a. Suppose 2*h = -5*v + 2483, -h = -3*v + m + 569. Is v prime?
False
Suppose -u = 0, -15*h = -12*h + u - 1407. Is h composite?
True
Suppose 4*a = -3*d - 0*a + 86241, 2*a - 28745 = -d. Is d prime?
True
Let s(p) = 77*p**3 - 2*p**2 - 6*p + 6. Is s(3) composite?
True
Suppose -4*b + 0*w + 13618 = 2*w, -b - 5*w = -3418. Is b composite?
True
Let x(n) be the second derivative of -n**5/10 - 5*n**4/6 - n**3/6 - 4*n**2 + 16*n. Is x(-9) composite?
True
Let x(k) = -898*k + 1. Is x(-7) a composite number?
False
Let v(s) = 10*s. Let r be v(-2). Let q = r + 25. Suppose -y = l - 829 + 208, y + 3117 = q*l. Is l prime?
False
Let b(a) = -a**3 - 2*a**2 + 2*a + 1. Let t be b(-3). Suppose -4*g - f + 5848 = 407, 5432 = 4*g + t*f. Is g prime?
True
Let w(c) = 370*c + 1. Let v be w(1). Suppose -v + 117 = 2*f - 4*i, -2*f - i - 279 = 0. Let z = -58 - f. Is z a prime number?
True
Suppose -d - d = 2. Let w be ((-7)/(-14))/(d/(-10)). Suppose 167 = 3*b + w*g - 1029, -g - 5 = 0. Is b prime?
False
Let d(q) = -2*q**3 - 5*q**2 - 11*q + 3. Let x be d(-8). Suppose -y = -2*m - 239 - 32, 3*y + 3*m = x. Is -1 + y/3 + 1 prime?
True
Suppose -30*l + 179256 = -101214. Is l a prime number?
True
Let l(m) = -m**2 + 5*m + 6. Let s be l(6). Suppose -5*n + 656 = d, 0 = -d - s*d + 3*n + 616. Is d a prime number?
True
Suppose 104*p + 182147 = 1182315. Is p composite?
True
Let k(b) be the third derivative of b**5/10 - 5*b**4/12 - 35*b**3/6 - 20*b**2. Is k(-9) a composite number?
False
Let o = -10330 - -15441. Is o a prime number?
False
Is (4/2)/((-66)/(-145497)) a composite number?
False
Let i(u) be the first derivative of 347*u**3/3 - 3*u**2 + 3*u + 5. Is i(2) composite?
True
Suppose p - 3*p - 24 = 0. Let f(j) = -46*j + 2. Is f(p) a composite number?
True
Suppose 0*p - p = l - 1, 3*p + 27 = 3*l. Is -2*659/p - 14/28 a prime number?
False
Suppose -4432056 = -13*q - 11*q. Is q prime?
True
Let a(n) = -5*n + 9. Let y be a(-5). Suppose 145 = l - y. Is l prime?
True
Let z(i) = 7*i + 2. Let g be z(-2). Let w = 14 + g. Suppose -w*t + 7*t + 5*y = 45, 2*t = y + 33. Is t prime?
False
Let o(t) be the third derivative of 5*t**5/12 - t**4/2 - 3*t**3/2 - 5*t**2. Is o(-4) composite?
False
Is (524292/24)/(7/14) a prime number?
True
Suppose -4 = 2*u - 30. Let x(o) = 18*o - 10*o - u - 2. Is x(10) a prime number?
False
Let t = 335 - -462. Is t prime?
True
Suppose -2*t + 5*z + 12103 = -4349, -3*z - 32918 = -4*t. Is t a composite number?
False
Is 12/(-8) - 6/(-4) - -11311 a prime number?
True
Let f = 6150 - 1716. Suppose 0 = 4*n + 2*n - f. Is n a composite number?
False
Is (1/(-2))/(4/(-552)) a composite number?
True
Suppose -15 = -2*g + 83. Is (-1 - g/4)*(3 - 23) a composite number?
True
Let z(m) = -m**2 - 10*m - 13*m - 24 - 13*m. Is z(-15) a composite number?
True
Let p = 12 + 2. Let n = p + -27. Let i(l) = l**3 + 14*l**2 - 2*l - 16. Is i(n) a composite number?
False
Let z = 8 + -3. Let h = 13 - z. Suppose -h*k = -13*k + 2935. Is k composite?
False
Suppose 4451 = w - 3990. Is w prime?
False
Suppose -z = -99827 - 121382. Is z prime?
True
Is 17522 + -3*(-45)/(-27) a composite number?
True
Let h(v) = -136*v - 4. Let s be h(-2). Let q = s - 123. Is q prime?
False
Let g = 74 - 74. Is (-45373)/(-102) + (g - 2/(-12)) a composite number?
True
Let o(g) = 11*g - 125. Let q be o(7). Let h(u) = -83*u. Let y be h(-1). Let v = y - q. Is v a prime number?
True
Suppose -5*n + 708 = -b + 27659, 5*n + 26952 = 2*b. Is (-1)/3 + n/(-33) prime?
True
Let z(g) = g**3 + 11*g**2 + 9*g - 13. Let x be z(-10). Is (-2818)/x*(9/(-6) - -3) a prime number?
True
Is -5*(7/(28/110924))/(-5) composite?
True
Let t = -4625 + 10630. Is t a prime number?
False
Suppose 3*k - 14909 = -5*c, -11*c + k = -15*c + 11930. Is c composite?
True
Let i(g) = -222*g**3 + 13*g**2 + 16*g + 2. Is i(-4) a composite number?
True
Suppose -3*u - 2 = -11. Suppose -u*x + 2761 = -2*h, 5*x = -0*h + 2*h + 4595. Is x a prime number?
False
Suppose 0 = -5*a + 6146 + 6959. Is a a composite number?
False
Suppose -2*w + 4*c = -634, -2*c = -0*w + 2*w - 616. Let p = w - -180. Is p composite?
False
Let m = -50 - -65. Suppose 3*v = -j + 1, 5*j - 16 = -4*v - 0*v. Suppose 0 = 3*u - m, 5*h - j*u + 3*u - 1530 = 0. Is h a prime number?
True
Let b be (-1 - 1050)*-4 - -3. Suppose b + 4973 = 4*t. Suppose -2*n = -827 - t. Is n a composite number?
True
Let s = -3892 + 6576. Suppose 206 = -6*n + s. Is n a prime number?
False
Suppose 0 = -2*m - 5*f + 24, 3*m - 10 + 0 = -f. Suppose -5*s - 4*i + 1327 = -i, 536 = m*s - 4*i. Is s - ((-9)/(-3))/3 composite?
True
Let x(r) = -3*r**3 + 2*r**2 + 4*r + 3. Let n be x(-2). Let k = -27 - -36. Is k/n - 230/(-3) prime?
False
Let m(g) = -g + 2. Let p(j) = j + 2. Let z be p(0). Let u be m(z). Suppose -2*y - 97 = -b, -b + u*y + 85 = y. Is b prime?
True
Let i = 2381 - 1578. Is i prime?
False
Suppose -5 = -g - 2. Suppose f = -3*s - 2 + 29, -5*s = 3*f - 61. Is 51 + g*8/f composite?
False
Let a = 20 + -13. Let h(v) = -4*v**3 - 12*v**2 + 10*v - 8. Let b(j) = -3*j**3 - 8*j**2 + 7*j - 5. Let g(i) = a*b(i) - 5*h(i). Is g(-5) a prime number?
False
Is ((-3975)/225)/(1/(-669)) a composite number?
True
Let l be ((-312)/32)/((-3)/8). Suppose -o = 3*s - 42, l = 4*o - 5*s - 142. Is o/(4/(4/2)) prime?
False
Suppose -15*l + 17055 = -11790. Is l a prime number?
False
Let t(v) = 5*v**2 + 6*